e number?
True
Is 56517 a composite number?
True
Is 453599 a composite number?
False
Is 264317 prime?
False
Is 122201 a prime number?
True
Is 180731 prime?
True
Is 1754 prime?
False
Is 45509 a composite number?
True
Is 2183371 prime?
True
Is 63185 a prime number?
False
Is 84893 composite?
True
Is 30854 composite?
True
Is 5951 prime?
False
Is 5989 prime?
False
Is 201755 composite?
True
Is 175543 a composite number?
False
Is 48731 composite?
False
Is 48569 a composite number?
True
Is 123001 prime?
True
Is 5209 a composite number?
False
Is 165691 prime?
False
Is 726629 composite?
False
Is 1527717 a composite number?
True
Is 894849 prime?
False
Is 52213 composite?
True
Is 5779 a prime number?
True
Is 12367 a composite number?
True
Is 71387 a composite number?
False
Is 73121 a composite number?
False
Is 2291 prime?
False
Is 2999 a composite number?
False
Is 1047517 a prime number?
False
Is 7769 prime?
False
Is 803 a prime number?
False
Is 1061 a prime number?
True
Is 91121 composite?
False
Is 87853 prime?
True
Is 511 a prime number?
False
Is 41333 prime?
True
Is 2053507 a composite number?
False
Is 11777 a composite number?
False
Is 7103 composite?
False
Is 80209 a composite number?
False
Is 553031 composite?
True
Is 56821 a prime number?
True
Is 241881 a composite number?
True
Is 515939 prime?
False
Is 13369 composite?
True
Is 48523 a composite number?
False
Is 32401 prime?
True
Is 371 prime?
False
Is 14923 a composite number?
False
Is 327917 prime?
True
Is 18079 composite?
True
Is 70597 a composite number?
True
Is 20171 a composite number?
True
Is 81143 composite?
True
Is 5813 a composite number?
False
Is 947449 a composite number?
False
Is 2609 a composite number?
False
Is 716189 prime?
False
Is 36623 composite?
True
Is 34693 composite?
False
Is 719 prime?
True
Is 233 a composite number?
False
Is 446261 a composite number?
False
Is 1361 prime?
True
Is 297731 composite?
True
Is 21959 a prime number?
False
Is 14969 prime?
True
Is 449 composite?
False
Is 395671 composite?
False
Is 394153 a prime number?
True
Is 3311881 a prime number?
True
Is 12247 prime?
False
Is 5407739 prime?
True
Is 11617 a composite number?
False
Is 1045105 composite?
True
Is 133093 a prime number?
False
Is 30993 composite?
True
Is 4889 prime?
True
Is 8147 composite?
False
Is 20843 a composite number?
True
Is 765653 composite?
True
Is 23597 prime?
False
Is 323557 a composite number?
True
Is 53527 a composite number?
False
Is 703331 a composite number?
False
Is 38953 a composite number?
False
Is 312391 a prime number?
False
Is 12841 a prime number?
True
Is 45151 a prime number?
False
Is 21007 composite?
True
Is 6739 a prime number?
False
Is 137321 prime?
True
Is 13667 a composite number?
True
Is 6899 a prime number?
True
Is 654047 a prime number?
True
Is 1902737 composite?
False
Is 154871 a composite number?
False
Is 3122389 a composite number?
True
Is 99763 composite?
True
Is 46021 a composite number?
False
Is 1217 a composite number?
False
Is 594455 a prime number?
False
Is 180793 composite?
False
Is 24029 prime?
True
Is 728305 prime?
False
Is 1707977 a prime number?
True
Is 153631 prime?
False
Is 5696935 prime?
False
Is 34787 prime?
False
Is 173983 a prime number?
False
Is 7483 a prime number?
False
Is 38011 a prime number?
True
Is 117989 prime?
True
Is 487 prime?
True
Is 73691 composite?
True
Is 353513 a composite number?
True
Is 7403 composite?
True
Is 6143 a composite number?
False
Is 579353 composite?
False
Is 141977 a prime number?
False
Is 2559 a prime number?
False
Is 23234 composite?
True
Is 111563 prime?
False
Is 4561 prime?
True
Is 21207 prime?
False
Is 14387 composite?
False
Is 61781 a composite number?
False
Is 163577 a composite number?
True
Is 131101 prime?
True
Is 26081 composite?
True
Is 32399 a composite number?
True
Is 14971 a prime number?
False
Is 6814 a composite number?
True
Is 16519 a prime number?
True
Is 32954 a composite number?
True
Is 17785 a composite number?
True
Is 18943 a composite number?
True
Is 32113 a prime number?
False
Is 42239 a prime number?
True
Is 631871 a prime number?
False
Is 28789 prime?
True
Is 28979 a composite number?
False
Is 8369 prime?
True
Is 18118 prime?
False
Is 3251 prime?
True
Is 90583 a composite number?
False
Is 329551 a composite number?
False
Is 4201 composite?
False
Is 24733 prime?
True
Is 3099095 composite?
True
Is 162821 prime?
True
Is 16439 composite?
True
Is 85513 a composite number?
False
Is 37781 composite?
False
Is 521 a composite number?
False
Is 662567 a prime number?
True
Is 48371 prime?
True
Is 74131 prime?
True
Is 9527 a prime number?
False
Is 1456847 a composite number?
True
Is 2757311 a composite number?
False
Is 12223 composite?
True
Is 37255 a composite number?
True
Is 1036597 prime?
False
Is 24121 prime?
True
Is 29285 a composite number?
True
Is 714107 prime?
True
Is 63889 composite?
True
Is 9377 prime?
True
Is 9767 composite?
False
Is 7003 a prime number?
False
Is 99943 composite?
True
Is 23081 a composite number?
False
Is 720653 composite?
False
Is 29201 a composite number?
False
Is 99301 prime?
False
Is 10831 prime?
True
Is 33323 a composite number?
True
Is 1135951 composite?
False
Is 5952343 composite?
False
Is 60709 a composite number?
True
Is 3797 a composite number?
False
Is 34271 prime?
False
Is 125651 composite?
False
Is 476695 composite?
True
Is 58 a composite number?
True
Is 25579 prime?
True
Is 71119 composite?
False
Is 28429 a composite number?
False
Is 878779 a composite number?
True
Is 2449537 composite?
True
Is 71977 a prime number?
False
Is 9719 prime?
True
Is 8779 a prime number?
True
Is 775189 a prime number?
True
Is 129853 a prime number?
True
Is 23857 a composite number?
False
Is 9923 a composite number?
False
Is 5251 prime?
False
Is 18209 composite?
True
Is 2831 prime?
False
Is 4241 a prime number?
True
Is 76561 prime?
True
Is 36973 prime?
True
Is 102766 a composite number?
True
Is 22955 a composite number?
True
Is 23969 a composite number?
True
Is 381415 composite?
True
Is 1754 a composite number?
True
Is 7087805 composite?
True
Is 63267 prime?
False
Is 123157 a prime number?
False
Is 784661 prime?
True
Is 23773 a prime number?
True
Is 18299 a prime number?
False
Is 159899 a composite number?
False
Is 92271 a composite number?
True
Is 31639 a composite number?
True
Is 73277 prime?
True
Is 51991 a prime number?
True
Is 203843 prime?
True
Is 2773747 composite?
False
Is 16361 a composite number?
False
Is 6689 prime?
True
Is 1961 a prime number?
False
Is 18079 a composite number?
True
Is 401473 a composite number?
False
Is 22229 composite?
False
Is 29101 composite?
False
Is 158939 a prime number?
False
Is 290761 a composite number?
False
Is 33961 composite?
False
Is 13495 prime?
False
Is 1262203 prime?
True
Is 100127 prime?
False
Is 118453 prime?
True
Is 12889 a composite number?
False
Is 168991 prime?
True
Is 240494 prime?
False
Is 804823 composite?
False
Is 671879 a prime number?
False
Is 137701 prime?
False
Is 17723 a prime number?
False
Is 307361 composite?
False
Is 12761 composite?
True
Is 79671 a prime number?
False
Is 5137 a composite number?
True
Is 25013 a prime number?
True
Is 5279 a prime number?
True
Is 2027 prime?
True
Is 56311 prime?
True
Is 2634145 composite?
True
Is 114353 composite?
True
Is 15389 a prime number?
False
Is 88843 a prime number?
True
Is 10061 prime?
True
Is 876181 composite?
False
Is 3999265 composite?
True
Is 798613 prime?
True
Is 30287 composite?
True
Is 2777 a composite number?
False
Is 1027011 a composite number?
True
Is 271 a composite number?
False
Is 12203 prime?
True
Is 153941 composite?
False
Is 202643 prime?
False
Is 1117589 prime?
False
Is 388409 prime?
False
Is 2983 prime?
False
Is 93739 composite?
False
Is 1437587 a composite number?
True
Is 82247 composite?
True
Is 7067 prime?
False
Is 643979 composite?
True
Is 72859 a prime number?
True
Is 1630097 a prime number?
False
Is 54521 a prime number?
True
Is 5269 a composite number?
True
Is 7757299 prime?
False
Is 12003 composite?
True
Is 235919 a composite number?
False
Is 3809915 composite?
True
Is 827087 composite?
False
Is 202817 prime?
True
Is 38797 composite?
True
Is 110119 prime?
True
Is 1273 a composite number?
True
Is 96661 prime?
True
Is 2923 a prime number?
False
Is 285517 p